ose 25*b - a*b = 1896. Is b composite?
True
Let r(s) = -s**3 - 11*s**2 + 4*s + 25. Let c = -133 - -178. Let h = -59 + c. Is r(h) a composite number?
False
Let x(c) = c + 19. Let r be x(11). Suppose r*n - 28*n = 3274. Is n a composite number?
False
Let m(o) = o**2 - 3*o + 3. Let p be m(-3). Suppose 22*w - p*w = 2. Suppose -w*b - 5*x + 265 = 0, 0*x - 705 = -5*b - 4*x. Is b a prime number?
False
Let x(i) = 6*i**3 + i**2 + 29*i - 6. Let t be 7*2 + (7 - 3) + -4. Let g be x(t). Is g/30*3/2 a prime number?
True
Suppose 384 = -11*f - 232. Let h be (4 - 6)/(6/(-9)). Let x = h - f. Is x a composite number?
False
Suppose -3802812 = -4*k - 8*w, -8*k + 3*w = -10*k + 1901413. Is k a composite number?
False
Let o(n) = -n. Let l be o(-2). Suppose 10*t - 9958 = 6*t + l*y, 5*t + y - 12444 = 0. Is t a prime number?
False
Suppose -8 - 12 = -5*c. Suppose 9*b - 5*d = c*b + 17240, 0 = 5*b + 3*d - 17248. Is b a prime number?
True
Suppose 3*m - u - 33081 = 0, u + 55135 = -144*m + 149*m. Is m prime?
True
Suppose -6*v + 9*v - 94919 = 5*z, 2*z - 158219 = -5*v. Is v a composite number?
False
Let i = 57 + -55. Suppose -2976 = -3*o + i*t, 4*o + 2*t = t + 3957. Suppose 5*v = 3*r - 2563, -2*v + o = r + 143. Is r composite?
True
Let a(i) = 2*i**2 + 17*i + 9. Let n be a(-11). Suppose -71*y + n*y = -44282. Is y composite?
True
Suppose 23 - 43 = -4*c. Is (-165642)/(-24) + c - 3/(-12) a prime number?
True
Let k = 289130 + 4071. Is k a composite number?
False
Let w be (4800 - 1)/((-74)/(-370)). Suppose -2*h + 5*t + 12035 = 0, 4*h + w = 8*h + 5*t. Is h composite?
True
Let m = -5656 - -20928. Suppose 4*x - 4*n = m, -4*x + 8*n - 9*n + 15287 = 0. Is x a prime number?
True
Let r = 40 + -36. Suppose -4*v + 22006 = -3*h + h, -16507 = -3*v + r*h. Is v a prime number?
True
Let i = -26 + 26. Suppose i = 5*y + 2*x - 23064, -3*y + y = 2*x - 9222. Suppose -2*g - y = -8*g. Is g prime?
True
Suppose -118*t = -749658 - 1804965 - 1865539. Is t a composite number?
True
Let c(h) = -34972*h**3 - 2*h**2 + 6*h + 7. Is c(-1) a prime number?
False
Let t be (1*41/(-4))/(43/(-18404)). Suppose 4*l + 7329 = 5*c + 3*l, 3*c + 2*l - t = 0. Is c prime?
False
Suppose -2*x = -71*v + 74*v - 26536, -26534 = -2*x - 4*v. Is x a composite number?
True
Let c = -20 + 20. Suppose 2*x + c*x + 5 = d, 4*d + 20 = 0. Is (-4786)/5*x/2 a prime number?
True
Let j = 53215 + -30378. Is j a composite number?
True
Suppose -382300 = -3*v + 2*q + 429855, 5*v = -q + 1353596. Is v a composite number?
False
Suppose -5*s + 45028 = -89537. Let x = s - 17154. Is x composite?
True
Let f be 2/(-3)*586512/(-96). Is f/8 + 11 + (-178)/16 a prime number?
True
Let q = 178277 - 47568. Is q prime?
False
Let h = 66853 + 7848. Is h a composite number?
True
Let p(a) = 17*a + 120. Let g be p(-10). Is ((-10843)/2)/(25/g) prime?
False
Suppose 0 = 3*v + 12, 35*v - 30*v - 2518 = -3*k. Let y be -3*4*(-2)/4. Suppose -y*o + 9708 - k = 0. Is o a composite number?
True
Let g(a) = -5*a + 65. Let n be g(12). Let o(z) be the second derivative of z**5/20 + 5*z**4/12 - z**3/2 - z**2 - z. Is o(n) a prime number?
True
Let q be 4/(-16) + 1874205/(-12). Is (q/336)/((-1)/6) a prime number?
True
Suppose 5*c = -3*g + 508, 3*g - 247 - 53 = -3*c. Let q = c + 41. Is q composite?
True
Is (-10)/(-45)*2739294/4 a composite number?
False
Suppose 0*b = 5*h - 2*b - 453, -2*h + 2*b = -186. Let d = h + -59. Suppose d = q - 23. Is q prime?
True
Suppose 0 = -4*t - 307 + 959. Suppose 50533 = t*u - 162*u. Is u a composite number?
True
Let q(l) = -l**2 - 9*l. Let n be q(-9). Suppose -5*g = 4*v - 17055, 3*v + 17020 = 5*g - n*g. Is g a composite number?
False
Let o(x) = -2349*x - 373. Is o(-18) prime?
False
Let p(b) = 4*b**2 + 1. Let f be p(0). Let z(j) = j**2 + 6*j - 2. Let v be z(-6). Is v*f/(4/(-262)) a prime number?
True
Suppose -z + 28 = 5*h, z + 16 = h + 38. Let n(v) = 12*v - 23 + v**2 + z. Is n(-13) composite?
False
Suppose 0 = 6*m - 24. Is -3*m/(-30) + 1855/175 prime?
True
Let a(u) = 152*u**2 - 22*u - 154. Let h be a(-19). Suppose 2*f + h = 7*f + m, -33085 = -3*f - 4*m. Is f a prime number?
True
Suppose -4*t + 130 = 9*t. Suppose 3 = -3*p + 4*v - 9*v, 4*p = -2*v + t. Suppose -p*w = -s - s + 1822, -4*s + 3626 = w. Is s composite?
False
Let k = -1561172 + 2467245. Is k composite?
True
Let q(g) = 2*g**3 - 3*g**2 + 12*g - 3. Let z be q(8). Let w be (-4 - -4) + 1 + z. Suppose 0 = 7*o - w - 313. Is o a composite number?
True
Suppose -86*g + a = -88*g + 2795822, 0 = -5*g - 3*a + 6989551. Is g a composite number?
True
Suppose -30*w + 33*w = -2*y - 37225, 2*w = -2*y - 24820. Let g = w - -47768. Is g a prime number?
True
Let h = -82 + 83. Let t be (8 - h) + -10 + 8. Suppose 0 = -v - 3, -b + 21 = t*v - 61. Is b a prime number?
True
Suppose -4*a + 18366 = -9802. Suppose -3*i = -15, 3*s + i - a = 5566. Is s a prime number?
True
Let c = 94 - 108. Is (c/(-6))/(17/18003) a composite number?
True
Let k = 206608 - 76869. Is k prime?
False
Let m(j) = -j**3 - 7*j**2 - 11*j + 9. Suppose -8*c - 48 = -20*c. Suppose c*u - 20 = 0, -2*l + 2*u = -3*l - 1. Is m(l) composite?
True
Let t = 177 - 73. Suppose t = -2*o + 5*f, -102 = -o + 3*o - 4*f. Let y = o + 1484. Is y a prime number?
False
Let t(h) = -4*h**2 - 296*h**3 - 12*h**2 - 8*h + 25 - 292*h**3 + 584*h**3. Is t(-12) composite?
False
Is (-9634710)/(-42) - (-12)/(-14) a prime number?
False
Let u be 2483525/165 - 4/6. Suppose 87*a = 3*w + 86*a - u, 5017 = w + 2*a. Is w composite?
True
Let y(t) = -2*t**2 - 35*t + 20. Let s be y(-18). Suppose 4*n - 60 = -4*d + 188, 2*d - s*n = 144. Is d prime?
True
Let n = 179250 - 117961. Is n a prime number?
False
Let q(r) = -940*r + 5677. Is q(-82) a composite number?
False
Let m(y) = 201*y + 39. Let n be m(7). Suppose -95*s + 93*s + n = 0. Let z = s + 544. Is z composite?
True
Let x = 612 - 1123. Suppose -5*j - 5027 = 3*i - 1298, -3*i = j + 753. Let w = x - j. Is w a composite number?
False
Let o(i) = 85024*i + 30. Let b(c) = 56683*c + 20. Let x(z) = -7*b(z) + 5*o(z). Is x(1) a composite number?
False
Let s = -3224 - 1402. Is s/24*(-4)/3 a composite number?
False
Suppose -60 = -4*v - 72. Let d be 2 + (-3)/v + 1. Suppose 0 = -d*i + i + 8271. Is i a prime number?
False
Let q(h) = -h**3 + 4*h**2 + 7*h + 4. Let w be q(5). Let c = w - 10. Is c/(-3)*6096/(-32) a composite number?
True
Suppose -2*x - 4 - 20 = 0. Let w be 9/(-3)*640/x. Let s = 491 - w. Is s composite?
False
Let d(o) be the second derivative of 5*o**4/4 + 5*o**3/3 - 143*o**2/2 + 85*o. Is d(24) prime?
True
Suppose -101*f + 70*f = -206611 - 552362. Is f a composite number?
True
Let x = 49 - 170. Let s be 1 - (-501)/2 - 9/(-18). Let l = s + x. Is l a composite number?
False
Let h be 578/306 + 30/27. Let c(f) be the second derivative of 11*f**4/12 + f**3 + f**2 + f. Is c(h) a prime number?
False
Suppose 0 = -7*p + 9*p - 440. Suppose 3*l = 5*m - 2038, -p = -m + 2*l + 189. Is m a composite number?
True
Suppose -w + 3 = 0, -4*w = l - 102749 - 163792. Is l a prime number?
False
Let u be (-385)/(-14)*(2 - 4*-1). Suppose -u*x + 167*x = 916. Is x prime?
False
Suppose -4 = -r - 2. Let h(n) = 0 - 7*n + 8*n - 1 + 118*n**r + n. Is h(-2) composite?
False
Is ((8/(-10))/(8/(-20)))/(10/116845) prime?
True
Suppose 10*u = 11*u - 88. Suppose -3*d - q - u = -2*q, -4*q = d + 51. Let g = d + 542. Is g a composite number?
True
Let b(k) = -2 - 93*k**3 + 92*k**3 + 3*k**2 - 2. Let j be b(2). Suppose 0 = 4*p + 5*n - 461, -3*p - 3*n + j*n + 348 = 0. Is p composite?
True
Suppose -4*m = -3*r - 10651, m + 3*m = 5*r + 10645. Let z = 5896 + m. Is z a prime number?
False
Let n = -75 - -60. Let p(l) = -81*l - 41. Is p(n) a prime number?
False
Suppose 18*i - 35621 = -74705 + 319002. Is i composite?
False
Is 1871001/66 + -3 + (-35)/(-10) composite?
False
Suppose -5 = 2*o - 3*o. Suppose -l + x = -x - 685, -3453 = -o*l - 4*x. Is l a prime number?
False
Let s = 23 + -15. Suppose p - 13 = s. Let j = p - -62. Is j a composite number?
False
Let s = 27 + -51. Let w be 12*(30/s - (-6)/8). Is (-538)/(-6) + 1/(9/w) a prime number?
True
Let o(t) = t**2 + 4*t - 3. Let r be o(2). Let x(d) = 2*d**3 + 4*d**2 - 10*d - 14. Is x(r) a composite number?
True
Suppose -4 = -4*h, 2*q - 32*h + 34*h - 483136 = 0. Is q a composite number?
False
Let g = 192 - 252. Let b(v) = v**3 + 14*v**2 + 11*v - 3. Let r be b(-11). Let o = g + r